{"id":967,"date":"2019-12-10T12:57:15","date_gmt":"2019-12-10T12:57:15","guid":{"rendered":"https:\/\/ambacamespagne.com\/web\/?post_type=project&#038;p=967"},"modified":"2022-08-10T13:27:34","modified_gmt":"2022-08-10T13:27:34","slug":"noche-de-premios-para-personalidades-africanas-que-trabajan-para-la-comunidad-africana-en-espana-recaudacion-de-fondos-para-financiar-actividades-de-caridad-de-aces-en-camerun","status":"publish","type":"project","link":"https:\/\/ambacamespagne.com\/web\/project\/noche-de-premios-para-personalidades-africanas-que-trabajan-para-la-comunidad-africana-en-espana-recaudacion-de-fondos-para-financiar-actividades-de-caridad-de-aces-en-camerun\/","title":{"rendered":"Noche de premios para personalidades africanas que trabajan para la comunidad africana en Espa\u00f1a. Recaudaci\u00f3n de fondos para financiar actividades de caridad de ACES en Camer\u00fan"},"content":{"rendered":"<p>[et_pb_section fb_built=\u00bb1&#8243; _builder_version=\u00bb4.17.6&#8243; _module_preset=\u00bbdefault\u00bb hover_enabled=\u00bb0&#8243; global_colors_info=\u00bb{}\u00bb theme_builder_area=\u00bbpost_content\u00bb sticky_enabled=\u00bb0&#8243; custom_padding=\u00bb0px||0px||false|false\u00bb][et_pb_row _builder_version=\u00bb4.17.6&#8243; _module_preset=\u00bbdefault\u00bb width=\u00bb100%\u00bb hover_enabled=\u00bb0&#8243; global_colors_info=\u00bb{}\u00bb theme_builder_area=\u00bbpost_content\u00bb sticky_enabled=\u00bb0&#8243; custom_padding=\u00bb0px|0px|0px|0px|false|false\u00bb][et_pb_column type=\u00bb4_4&#8243; _builder_version=\u00bb4.17.6&#8243; _module_preset=\u00bbdefault\u00bb global_colors_info=\u00bb{}\u00bb theme_builder_area=\u00bbpost_content\u00bb][et_pb_gallery gallery_ids=\u00bb970,971,972,973,974,975,976,977&#8243; posts_number=\u00bb16&#8243; show_title_and_caption=\u00bboff\u00bb _builder_version=\u00bb4.17.6&#8243; _module_preset=\u00bbdefault\u00bb global_colors_info=\u00bb{}\u00bb theme_builder_area=\u00bbpost_content\u00bb][\/et_pb_gallery][\/et_pb_column][\/et_pb_row][\/et_pb_section]<\/p>\n","protected":false},"excerpt":{"rendered":"","protected":false},"author":1,"featured_media":975,"comment_status":"closed","ping_status":"closed","template":"","meta":{"_et_pb_use_builder":"on","_et_pb_old_content":"","_et_gb_content_width":"","footnotes":""},"project_category":[9],"project_tag":[],"class_list":["post-967","project","type-project","status-publish","has-post-thumbnail","hentry","project_category-eventos"],"_links":{"self":[{"href":"https:\/\/ambacamespagne.com\/web\/wp-json\/wp\/v2\/project\/967","targetHints":{"allow":["GET"]}}],"collection":[{"href":"https:\/\/ambacamespagne.com\/web\/wp-json\/wp\/v2\/project"}],"about":[{"href":"https:\/\/ambacamespagne.com\/web\/wp-json\/wp\/v2\/types\/project"}],"author":[{"embeddable":true,"href":"https:\/\/ambacamespagne.com\/web\/wp-json\/wp\/v2\/users\/1"}],"replies":[{"embeddable":true,"href":"https:\/\/ambacamespagne.com\/web\/wp-json\/wp\/v2\/comments?post=967"}],"version-history":[{"count":0,"href":"https:\/\/ambacamespagne.com\/web\/wp-json\/wp\/v2\/project\/967\/revisions"}],"wp:featuredmedia":[{"embeddable":true,"href":"https:\/\/ambacamespagne.com\/web\/wp-json\/wp\/v2\/media\/975"}],"wp:attachment":[{"href":"https:\/\/ambacamespagne.com\/web\/wp-json\/wp\/v2\/media?parent=967"}],"wp:term":[{"taxonomy":"project_category","embeddable":true,"href":"https:\/\/ambacamespagne.com\/web\/wp-json\/wp\/v2\/project_category?post=967"},{"taxonomy":"project_tag","embeddable":true,"href":"https:\/\/ambacamespagne.com\/web\/wp-json\/wp\/v2\/project_tag?post=967"}],"curies":[{"name":"wp","href":"https:\/\/api.w.org\/{rel}","templated":true}]}}

Noche de premios para personalidades africanas que trabajan para la comunidad africana en España. Recaudación de fondos para financiar actividades de caridad de ACES en Camerún
