{"id":869,"date":"2022-04-09T12:48:06","date_gmt":"2022-04-09T12:48:06","guid":{"rendered":"https:\/\/ambacamespagne.com\/web\/?post_type=project&#038;p=869"},"modified":"2022-08-10T13:24:52","modified_gmt":"2022-08-10T13:24:52","slug":"madame-rose-monique-yanga-epouse-de-lambassadeur-a-recu-samedi-09-avril-2022-a-la-residence-du-cameroun-des-camerounaises-despagne-pour-un-moment-de-communion-et-de-partage","status":"publish","type":"project","link":"https:\/\/ambacamespagne.com\/web\/project\/madame-rose-monique-yanga-epouse-de-lambassadeur-a-recu-samedi-09-avril-2022-a-la-residence-du-cameroun-des-camerounaises-despagne-pour-un-moment-de-communion-et-de-partage\/","title":{"rendered":"Madame Rose Monique YANGA, \u00e9pouse de l&#8217;Ambassadeur, a re\u00e7u samedi 09 avril 2022 \u00e0 la R\u00e9sidence du Cameroun, des camerounaises d&#8217;Espagne pour un moment de communion et de partage."},"content":{"rendered":"<p>[et_pb_section fb_built=\u00bb1&#8243; _builder_version=\u00bb4.17.6&#8243; _module_preset=\u00bbdefault\u00bb hover_enabled=\u00bb0&#8243; global_colors_info=\u00bb{}\u00bb theme_builder_area=\u00bbpost_content\u00bb custom_padding=\u00bb0px||0px||false|false\u00bb sticky_enabled=\u00bb0&#8243;][et_pb_row _builder_version=\u00bb4.17.6&#8243; _module_preset=\u00bbdefault\u00bb width=\u00bb100%\u00bb hover_enabled=\u00bb0&#8243; global_colors_info=\u00bb{}\u00bb theme_builder_area=\u00bbpost_content\u00bb custom_padding=\u00bb0px|0px|0px|0px|false|false\u00bb sticky_enabled=\u00bb0&#8243;][et_pb_column type=\u00bb4_4&#8243; _builder_version=\u00bb4.17.6&#8243; _module_preset=\u00bbdefault\u00bb global_colors_info=\u00bb{}\u00bb theme_builder_area=\u00bbpost_content\u00bb][et_pb_gallery gallery_ids=\u00bb872,873,874,875,876,877,878,879,880,881,882,883,884,885,886,887,888,889,890,891,892,893,894,895,896,897,898,899,900,901,902,903,904,905,906,907,908,909,910,911,912,913,914,915,916,917,918,919,920,921,922,923,924,925,926,927,928,929,930,931,932,933,934,935,936,937,938,939,940,941,942,943,944,945,946,947,948,949,950,951,952,953,954,955,956,957,958,959,960,961,962,963,964&#8243; posts_number=\u00bb16&#8243; show_title_and_caption=\u00bboff\u00bb _builder_version=\u00bb4.17.6&#8243; _module_preset=\u00bbdefault\u00bb global_colors_info=\u00bb{}\u00bb theme_builder_area=\u00bbpost_content\u00bb][\/et_pb_gallery][\/et_pb_column][\/et_pb_row][\/et_pb_section]<\/p>\n","protected":false},"excerpt":{"rendered":"","protected":false},"author":1,"featured_media":921,"comment_status":"closed","ping_status":"closed","template":"","meta":{"_et_pb_use_builder":"on","_et_pb_old_content":"","_et_gb_content_width":"","footnotes":""},"project_category":[9],"project_tag":[],"class_list":["post-869","project","type-project","status-publish","has-post-thumbnail","hentry","project_category-eventos"],"_links":{"self":[{"href":"https:\/\/ambacamespagne.com\/web\/wp-json\/wp\/v2\/project\/869","targetHints":{"allow":["GET"]}}],"collection":[{"href":"https:\/\/ambacamespagne.com\/web\/wp-json\/wp\/v2\/project"}],"about":[{"href":"https:\/\/ambacamespagne.com\/web\/wp-json\/wp\/v2\/types\/project"}],"author":[{"embeddable":true,"href":"https:\/\/ambacamespagne.com\/web\/wp-json\/wp\/v2\/users\/1"}],"replies":[{"embeddable":true,"href":"https:\/\/ambacamespagne.com\/web\/wp-json\/wp\/v2\/comments?post=869"}],"version-history":[{"count":0,"href":"https:\/\/ambacamespagne.com\/web\/wp-json\/wp\/v2\/project\/869\/revisions"}],"wp:featuredmedia":[{"embeddable":true,"href":"https:\/\/ambacamespagne.com\/web\/wp-json\/wp\/v2\/media\/921"}],"wp:attachment":[{"href":"https:\/\/ambacamespagne.com\/web\/wp-json\/wp\/v2\/media?parent=869"}],"wp:term":[{"taxonomy":"project_category","embeddable":true,"href":"https:\/\/ambacamespagne.com\/web\/wp-json\/wp\/v2\/project_category?post=869"},{"taxonomy":"project_tag","embeddable":true,"href":"https:\/\/ambacamespagne.com\/web\/wp-json\/wp\/v2\/project_tag?post=869"}],"curies":[{"name":"wp","href":"https:\/\/api.w.org\/{rel}","templated":true}]}}

Madame Rose Monique YANGA, épouse de l&#8217;Ambassadeur, a reçu samedi 09 avril 2022 à la Résidence du Cameroun, des camerounaises d&#8217;Espagne pour un moment de communion et de partage.
