{"id":39,"date":"2022-08-02T08:41:34","date_gmt":"2022-08-02T08:41:34","guid":{"rendered":"https:\/\/ambacamespagne.com\/web\/?page_id=39"},"modified":"2023-05-05T14:17:04","modified_gmt":"2023-05-05T14:17:04","slug":"visado","status":"publish","type":"page","link":"https:\/\/ambacamespagne.com\/web\/visado\/","title":{"rendered":"Visado"},"content":{"rendered":"<p>[et_pb_section fb_built=\u00bb1&#8243; _builder_version=\u00bb4.19.0&#8243; _module_preset=\u00bbdefault\u00bb background_enable_color=\u00bboff\u00bb global_colors_info=\u00bb{}\u00bb theme_builder_area=\u00bbpost_content\u00bb][et_pb_row _builder_version=\u00bb4.17.6&#8243; _module_preset=\u00bbdefault\u00bb global_colors_info=\u00bb{}\u00bb theme_builder_area=\u00bbpost_content\u00bb][et_pb_column type=\u00bb4_4&#8243; _builder_version=\u00bb4.17.6&#8243; _module_preset=\u00bbdefault\u00bb global_colors_info=\u00bb{}\u00bb theme_builder_area=\u00bbpost_content\u00bb][et_pb_text _builder_version=\u00bb4.19.5&#8243; _module_preset=\u00bbdefault\u00bb global_colors_info=\u00bb{}\u00bb theme_builder_area=\u00bbpost_content\u00bb]<\/p>\n<h2>AVISO Y T\u00c9RMINOS DE SOLICITUD DE VISADO<\/h2>\n<p><strong><\/strong><\/p>\n<ul>\n<li><strong>Se informa a los usuarios de la Embajada de Camer\u00fan que,de conformidad con la ley de Finanzas de la Repulica de Came\u00fan para el a\u00f1o fiscal 2023, las nuevas tarifas de servicios se establecen de la\u00a0 siguiente manera a partir del 03 de Enero de 2023<\/strong><\/li>\n<\/ul>\n<p><strong>NB: Requerido para todo tipo de visado, el resultado de la prueba COVID-19 (virol\u00f3gico, antig\u00e9nico o serol\u00f3gico) negativo o prueba de vacuna COVID-19 realizada por una instituci\u00f3n aprobada.<\/strong><em><strong><\/strong><\/em><\/p>\n<p>[\/et_pb_text][et_pb_image src=\u00bbhttps:\/\/ambacamespagne.com\/web\/wp-content\/uploads\/2023\/05\/1683293844138.jpg\u00bb title_text=\u00bb1683293844138&#8243; _builder_version=\u00bb4.20.4&#8243; _module_preset=\u00bbdefault\u00bb global_colors_info=\u00bb{}\u00bb theme_builder_area=\u00bbpost_content\u00bb][\/et_pb_image][et_pb_image src=\u00bbhttps:\/\/ambacamespagne.com\/web\/wp-content\/uploads\/2023\/05\/COMUNICADO0001-scaled.jpg\u00bb title_text=\u00bbCOMUNICADO0001&#8243; _builder_version=\u00bb4.20.4&#8243; _module_preset=\u00bbdefault\u00bb global_colors_info=\u00bb{}\u00bb theme_builder_area=\u00bbpost_content\u00bb][\/et_pb_image][et_pb_image src=\u00bbhttps:\/\/ambacamespagne.com\/web\/wp-content\/uploads\/2023\/05\/COMUNICADO0002-scaled.jpg\u00bb title_text=\u00bbCOMUNICADO0002&#8243; _builder_version=\u00bb4.20.4&#8243; _module_preset=\u00bbdefault\u00bb global_colors_info=\u00bb{}\u00bb theme_builder_area=\u00bbpost_content\u00bb][\/et_pb_image][et_pb_image src=\u00bbhttps:\/\/ambacamespagne.com\/web\/wp-content\/uploads\/2023\/05\/1683293844172.jpg\u00bb title_text=\u00bb1683293844172&#8243; url=\u00bbhttps:\/\/evisacam.cm\/\u00bb _builder_version=\u00bb4.20.4&#8243; _module_preset=\u00bbdefault\u00bb hover_enabled=\u00bb0&#8243; global_colors_info=\u00bb{}\u00bb theme_builder_area=\u00bbpost_content\u00bb sticky_enabled=\u00bb0&#8243;][\/et_pb_image][et_pb_divider _builder_version=\u00bb4.17.6&#8243; _module_preset=\u00bbdefault\u00bb global_colors_info=\u00bb{}\u00bb theme_builder_area=\u00bbpost_content\u00bb][\/et_pb_divider][et_pb_text ol_item_indent=\u00bb15px\u00bb _builder_version=\u00bb4.19.5&#8243; _module_preset=\u00bbdefault\u00bb global_colors_info=\u00bb{}\u00bb theme_builder_area=\u00bbpost_content\u00bb]<\/p>\n<h3 class=\"has-text-align-center\"><strong>VISADO NORMAL<\/strong><\/h3>\n<ul>\n<li><strong>NB: EL VISADO NORMAL VA DE\u00a0 CERO A CIENTO OCHENTA DIAS (0 a 180) MULTIPLES ENTRADAS SEG\u00d9N CORRESPONDA, EN 48H O EXPRESS.\u00a0<\/strong><strong><\/strong><strong><\/strong><\/li>\n<li><strong>&#8211; 153\u20ac EN 48H<\/strong><\/li>\n<li><strong>&#8211; 230\u20ac\u00a0 EXPRESS<\/strong><\/li>\n<\/ul>\n<p><strong>Traer<\/strong>:<\/p>\n<ol>\n<li>Un pasaporte u otro documento de viaje v\u00e1lido por al menos seis (06) meses y 01 fotocopia del mismo pasaporte (la p\u00e1gina que contiene sus datos).<\/li>\n<li>2 fotos de identidad 4\u00d74.<\/li>\n<li>Un certificado de alojamiento emitido por la persona que se compromete a acoger al visitante, avalado por el alcalde territorial competente o una reserva de hotel firme por la duraci\u00f3n prevista de la estad\u00eda, o una invitaci\u00f3n a un evento en el territorio nacional.<\/li>\n<li>Un ticket de avi\u00f3n o( una reserva de vuelo) ida y vuelta.<\/li>\n<li>Certificados internacionales de vacunaci\u00f3n contra fiebre amarilla.<\/li>\n<li>Una fotocopia de su permiso de residencia en Espa\u00f1a para extranjeros.<\/li>\n<li>Una orden de misi\u00f3n segun el caso(negocios \/misiones oficiales)<em><\/em><\/li>\n<\/ol>\n<p>[\/et_pb_text][et_pb_divider _builder_version=\u00bb4.17.6&#8243; _module_preset=\u00bbdefault\u00bb global_colors_info=\u00bb{}\u00bb theme_builder_area=\u00bbpost_content\u00bb][\/et_pb_divider][et_pb_text ol_item_indent=\u00bb15px\u00bb _builder_version=\u00bb4.19.5&#8243; _module_preset=\u00bbdefault\u00bb global_colors_info=\u00bb{}\u00bb theme_builder_area=\u00bbpost_content\u00bb]<\/p>\n<h3 class=\"has-text-align-center\">VISADO TUR\u00cdSTICO (1 MES MAXIMO)<\/h3>\n<ul>\n<li>&#8211; 153\u20ac EN 48H<\/li>\n<li>&#8211; 230\u20ac EXPRESS<\/li>\n<\/ul>\n<ol>\n<li>La emisi\u00f3n de un visado tur\u00edstico individual o colectivo est\u00e1 sujeta a la producci\u00f3n, seg\u00fan sea el caso, de los art\u00edculos enumerados anteriormente en el visado temporal, ya sea por el turista o por el organizador del viaje en nombre del turista.<\/li>\n<li><strong>Duraci\u00f3n m\u00e1xima:<\/strong> 30 d\u00edas.<\/li>\n<\/ol>\n<p>[\/et_pb_text][et_pb_divider _builder_version=\u00bb4.17.6&#8243; _module_preset=\u00bbdefault\u00bb global_colors_info=\u00bb{}\u00bb theme_builder_area=\u00bbpost_content\u00bb][\/et_pb_divider][et_pb_text ol_item_indent=\u00bb15px\u00bb _builder_version=\u00bb4.19.5&#8243; _module_preset=\u00bbdefault\u00bb global_colors_info=\u00bb{}\u00bb theme_builder_area=\u00bbpost_content\u00bb]<\/p>\n<p><strong>VISADO DE LARGA ESTANCIA (MAS DE 6 MESES)<\/strong><\/p>\n<ul>\n<li><strong>&#8211; 230\u20ac EN 48H<\/strong><\/li>\n<li><strong>&#8211; 310\u20ac\u00a0 EXPRESS<\/strong><\/li>\n<\/ul>\n<p><strong>Traer<\/strong>\u00a0:<\/p>\n<ol>\n<li>Un pasaporte u otro documento de viaje v\u00e1lido por al menos seis (06) meses y 01 fotocopia del mismo pasaporte (la p\u00e1gina que contiene sus datos).<\/li>\n<li>2 fotos 4X4<\/li>\n<li>Certificado de alojamiento<\/li>\n<li>Billete de Avion<\/li>\n<li>Certificados internacionales de vacunaci\u00f3n contra fiebre amarilla.<\/li>\n<li>La garant\u00eda de repatriaci\u00f3n.<\/li>\n<li>Un contrato laboral aprobado por el Ministro de Trabajo para extranjeros que deseen participar en una actividad salarial en Camer\u00fan o un acto que justifica el v\u00ednculo conyugal, para el c\u00f3nyuge o parental para los hijos menores.<\/li>\n<li>\u00a0Una autorizaci\u00f3n para ejercer una profesi\u00f3n liberal o para promover una actividad agr\u00edcola, pastoral, industrial, comercial, art\u00edstica u otra, emitida por las autoridades competentes, cuando se requiera dicha autorizaci\u00f3n.<\/li>\n<li>Un certificado de registro o re-inscripci\u00f3n emitido por el jefe de la instituci\u00f3n, para estudiantes.<\/li>\n<li>Una beca para los alumnos.<em><strong><\/strong><\/em><\/li>\n<\/ol>\n<p>[\/et_pb_text][et_pb_divider _builder_version=\u00bb4.17.6&#8243; _module_preset=\u00bbdefault\u00bb global_colors_info=\u00bb{}\u00bb theme_builder_area=\u00bbpost_content\u00bb][\/et_pb_divider][et_pb_divider _builder_version=\u00bb4.17.6&#8243; _module_preset=\u00bbdefault\u00bb global_colors_info=\u00bb{}\u00bb theme_builder_area=\u00bbpost_content\u00bb][\/et_pb_divider][et_pb_text _builder_version=\u00bb4.17.6&#8243; _module_preset=\u00bbdefault\u00bb custom_margin=\u00bb||10px||false|false\u00bb global_colors_info=\u00bb{}\u00bb theme_builder_area=\u00bbpost_content\u00bb]<\/p>\n<h3 style=\"text-align: center;\"><em><strong>Complete el formulario de solicitud de visado a continuaci\u00f3n<\/strong><\/em><\/h3>\n<p>[\/et_pb_text][et_pb_button button_url=\u00bbhttps:\/\/ambacamespagne.com\/web\/wp-content\/uploads\/2022\/08\/NOUVELLE-FICHE-DE-DEMANDE-DE-VISA.doc\u00bb url_new_window=\u00bbon\u00bb button_text=\u00bbFiche de demande de visa\u00bb button_alignment=\u00bbcenter\u00bb _builder_version=\u00bb4.17.6&#8243; _module_preset=\u00bbdefault\u00bb global_colors_info=\u00bb{}\u00bb theme_builder_area=\u00bbpost_content\u00bb][\/et_pb_button][\/et_pb_column][\/et_pb_row][\/et_pb_section]<\/p>\n","protected":false},"excerpt":{"rendered":"<p>AVISO Y T\u00c9RMINOS DE SOLICITUD DE VISADO Se informa a los usuarios de la Embajada de Camer\u00fan que,de conformidad con la ley de Finanzas de la Repulica de Came\u00fan para el a\u00f1o fiscal 2023, las nuevas tarifas de servicios se establecen de la\u00a0 siguiente manera a partir del 03 de Enero de 2023 NB: Requerido [&hellip;]<\/p>\n","protected":false},"author":1,"featured_media":0,"parent":0,"menu_order":0,"comment_status":"closed","ping_status":"closed","template":"","meta":{"_et_pb_use_builder":"on","_et_pb_old_content":"","_et_gb_content_width":"","footnotes":""},"class_list":["post-39","page","type-page","status-publish","hentry"],"_links":{"self":[{"href":"https:\/\/ambacamespagne.com\/web\/wp-json\/wp\/v2\/pages\/39","targetHints":{"allow":["GET"]}}],"collection":[{"href":"https:\/\/ambacamespagne.com\/web\/wp-json\/wp\/v2\/pages"}],"about":[{"href":"https:\/\/ambacamespagne.com\/web\/wp-json\/wp\/v2\/types\/page"}],"author":[{"embeddable":true,"href":"https:\/\/ambacamespagne.com\/web\/wp-json\/wp\/v2\/users\/1"}],"replies":[{"embeddable":true,"href":"https:\/\/ambacamespagne.com\/web\/wp-json\/wp\/v2\/comments?post=39"}],"version-history":[{"count":0,"href":"https:\/\/ambacamespagne.com\/web\/wp-json\/wp\/v2\/pages\/39\/revisions"}],"wp:attachment":[{"href":"https:\/\/ambacamespagne.com\/web\/wp-json\/wp\/v2\/media?parent=39"}],"curies":[{"name":"wp","href":"https:\/\/api.w.org\/{rel}","templated":true}]}}

<p>[et_pb_section fb_built=»1&#8243; _builder_version=»4.19.0&#8243; _module_preset=»default» background_enable_color=»off» global_colors_info=»{}» theme_builder_area=»post_content»][et_pb_row _builder_version=»4.17.6&#8243; _module_preset=»default» global_colors_info=»{}» theme_builder_area=»post_content»][et_pb_column type=»4_4&#8243; _builder_version=»4.17.6&#8243; _module_preset=»default» global_colors_info=»{}» theme_builder_area=»post_content»][et_pb_text _builder_version=»4.19.5&#8243; _module_preset=»default» global_colors_info=»{}» theme_builder_area=»post_content»]</p>
<h2>AVISO Y TÉRMINOS DE SOLICITUD DE VISADO</h2>
<p><strong></strong></p>
<ul>
<li><strong>Se informa a los usuarios de la Embajada de Camerún que,de conformidad con la ley de Finanzas de la Repulica de Cameún para el año fiscal 2023, las nuevas tarifas de servicios se establecen de la  siguiente manera a partir del 03 de Enero de 2023</strong></li>
</ul>
<p><strong>NB: Requerido para todo tipo de visado, el resultado de la prueba COVID-19 (virológico, antigénico o serológico) negativo o prueba de vacuna COVID-19 realizada por una institución aprobada.</strong><em><strong></strong></em></p>
<p>[/et_pb_text][et_pb_image src=»https://ambacamespagne.com/web/wp-content/uploads/2023/05/1683293844138.jpg» title_text=»1683293844138&#8243; _builder_version=»4.20.4&#8243; _module_preset=»default» global_colors_info=»{}» theme_builder_area=»post_content»][/et_pb_image][et_pb_image src=»https://ambacamespagne.com/web/wp-content/uploads/2023/05/COMUNICADO0001-scaled.jpg» title_text=»COMUNICADO0001&#8243; _builder_version=»4.20.4&#8243; _module_preset=»default» global_colors_info=»{}» theme_builder_area=»post_content»][/et_pb_image][et_pb_image src=»https://ambacamespagne.com/web/wp-content/uploads/2023/05/COMUNICADO0002-scaled.jpg» title_text=»COMUNICADO0002&#8243; _builder_version=»4.20.4&#8243; _module_preset=»default» global_colors_info=»{}» theme_builder_area=»post_content»][/et_pb_image][et_pb_image src=»https://ambacamespagne.com/web/wp-content/uploads/2023/05/1683293844172.jpg» title_text=»1683293844172&#8243; url=»https://evisacam.cm/» _builder_version=»4.20.4&#8243; _module_preset=»default» hover_enabled=»0&#8243; global_colors_info=»{}» theme_builder_area=»post_content» sticky_enabled=»0&#8243;][/et_pb_image][et_pb_divider _builder_version=»4.17.6&#8243; _module_preset=»default» global_colors_info=»{}» theme_builder_area=»post_content»][/et_pb_divider][et_pb_text ol_item_indent=»15px» _builder_version=»4.19.5&#8243; _module_preset=»default» global_colors_info=»{}» theme_builder_area=»post_content»]</p>
<h3 class="has-text-align-center"><strong>VISADO NORMAL</strong></h3>
<ul>
<li><strong>NB: EL VISADO NORMAL VA DE  CERO A CIENTO OCHENTA DIAS (0 a 180) MULTIPLES ENTRADAS SEGÙN CORRESPONDA, EN 48H O EXPRESS. </strong><strong></strong><strong></strong></li>
<li><strong>&#8211; 153€ EN 48H</strong></li>
<li><strong>&#8211; 230€  EXPRESS</strong></li>
</ul>
<p><strong>Traer</strong>:</p>
<ol>
<li>Un pasaporte u otro documento de viaje válido por al menos seis (06) meses y 01 fotocopia del mismo pasaporte (la página que contiene sus datos).</li>
<li>2 fotos de identidad 4×4.</li>
<li>Un certificado de alojamiento emitido por la persona que se compromete a acoger al visitante, avalado por el alcalde territorial competente o una reserva de hotel firme por la duración prevista de la estadía, o una invitación a un evento en el territorio nacional.</li>
<li>Un ticket de avión o( una reserva de vuelo) ida y vuelta.</li>
<li>Certificados internacionales de vacunación contra fiebre amarilla.</li>
<li>Una fotocopia de su permiso de residencia en España para extranjeros.</li>
<li>Una orden de misión segun el caso(negocios /misiones oficiales)<em></em></li>
</ol>
<p>[/et_pb_text][et_pb_divider _builder_version=»4.17.6&#8243; _module_preset=»default» global_colors_info=»{}» theme_builder_area=»post_content»][/et_pb_divider][et_pb_text ol_item_indent=»15px» _builder_version=»4.19.5&#8243; _module_preset=»default» global_colors_info=»{}» theme_builder_area=»post_content»]</p>
<h3 class="has-text-align-center">VISADO TURÍSTICO (1 MES MAXIMO)</h3>
<ul>
<li>&#8211; 153€ EN 48H</li>
<li>&#8211; 230€ EXPRESS</li>
</ul>
<ol>
<li>La emisión de un visado turístico individual o colectivo está sujeta a la producción, según sea el caso, de los artículos enumerados anteriormente en el visado temporal, ya sea por el turista o por el organizador del viaje en nombre del turista.</li>
<li><strong>Duración máxima:</strong> 30 días.</li>
</ol>
<p>[/et_pb_text][et_pb_divider _builder_version=»4.17.6&#8243; _module_preset=»default» global_colors_info=»{}» theme_builder_area=»post_content»][/et_pb_divider][et_pb_text ol_item_indent=»15px» _builder_version=»4.19.5&#8243; _module_preset=»default» global_colors_info=»{}» theme_builder_area=»post_content»]</p>
<p><strong>VISADO DE LARGA ESTANCIA (MAS DE 6 MESES)</strong></p>
<ul>
<li><strong>&#8211; 230€ EN 48H</strong></li>
<li><strong>&#8211; 310€  EXPRESS</strong></li>
</ul>
<p><strong>Traer</strong> :</p>
<ol>
<li>Un pasaporte u otro documento de viaje válido por al menos seis (06) meses y 01 fotocopia del mismo pasaporte (la página que contiene sus datos).</li>
<li>2 fotos 4X4</li>
<li>Certificado de alojamiento</li>
<li>Billete de Avion</li>
<li>Certificados internacionales de vacunación contra fiebre amarilla.</li>
<li>La garantía de repatriación.</li>
<li>Un contrato laboral aprobado por el Ministro de Trabajo para extranjeros que deseen participar en una actividad salarial en Camerún o un acto que justifica el vínculo conyugal, para el cónyuge o parental para los hijos menores.</li>
<li> Una autorización para ejercer una profesión liberal o para promover una actividad agrícola, pastoral, industrial, comercial, artística u otra, emitida por las autoridades competentes, cuando se requiera dicha autorización.</li>
<li>Un certificado de registro o re-inscripción emitido por el jefe de la institución, para estudiantes.</li>
<li>Una beca para los alumnos.<em><strong></strong></em></li>
</ol>
<p>[/et_pb_text][et_pb_divider _builder_version=»4.17.6&#8243; _module_preset=»default» global_colors_info=»{}» theme_builder_area=»post_content»][/et_pb_divider][et_pb_divider _builder_version=»4.17.6&#8243; _module_preset=»default» global_colors_info=»{}» theme_builder_area=»post_content»][/et_pb_divider][et_pb_text _builder_version=»4.17.6&#8243; _module_preset=»default» custom_margin=»||10px||false|false» global_colors_info=»{}» theme_builder_area=»post_content»]</p>
<h3 style="text-align: center;"><em><strong>Complete el formulario de solicitud de visado a continuación</strong></em></h3>
<p>[/et_pb_text][et_pb_button button_url=»https://ambacamespagne.com/web/wp-content/uploads/2022/08/NOUVELLE-FICHE-DE-DEMANDE-DE-VISA.doc» url_new_window=»on» button_text=»Fiche de demande de visa» button_alignment=»center» _builder_version=»4.17.6&#8243; _module_preset=»default» global_colors_info=»{}» theme_builder_area=»post_content»][/et_pb_button][/et_pb_column][/et_pb_row][/et_pb_section]</p>

<p>AVISO Y TÉRMINOS DE SOLICITUD DE VISADO Se informa a los usuarios de la Embajada de Camerún que,de conformidad con la ley de Finanzas de la Repulica de Cameún para el año fiscal 2023, las nuevas tarifas de servicios se establecen de la  siguiente manera a partir del 03 de Enero de 2023 NB: Requerido [&hellip;]</p>
