{"id":2270,"date":"2022-08-02T08:36:51","date_gmt":"2022-08-02T08:36:51","guid":{"rendered":"https:\/\/ambacamespagne.com\/web\/segundo-consejero\/"},"modified":"2023-01-04T17:20:50","modified_gmt":"2023-01-04T17:20:50","slug":"deuxieme-membre-du-conseil-dadministration","status":"publish","type":"page","link":"https:\/\/ambacamespagne.com\/web\/fr\/deuxieme-membre-du-conseil-dadministration\/","title":{"rendered":"Deuxi\u00e8me membre du conseil d&rsquo;administration"},"content":{"rendered":"<p>[et_pb_section fb_built=\u00a0\u00bb1&Prime; _builder_version=\u00a0\u00bb4.19.0&Prime; _module_preset=\u00a0\u00bbdefault\u00a0\u00bb background_enable_color=\u00a0\u00bboff\u00a0\u00bb global_colors_info=\u00a0\u00bb{}\u00a0\u00bb][et_pb_row column_structure=\u00a0\u00bb1_3,2_3&Prime; make_equal=\u00a0\u00bbon\u00a0\u00bb _builder_version=\u00a0\u00bb4.17.6&Prime; _module_preset=\u00a0\u00bbdefault\u00a0\u00bb global_colors_info=\u00a0\u00bb{}\u00a0\u00bb][et_pb_column type=\u00a0\u00bb1_3&Prime; module_class=\u00a0\u00bbds-vertical-align\u00a0\u00bb _builder_version=\u00a0\u00bb4.17.6&Prime; _module_preset=\u00a0\u00bbdefault\u00a0\u00bb global_colors_info=\u00a0\u00bb{}\u00a0\u00bb][et_pb_image src=\u00a0\u00bbhttps:\/\/ambacamespagne.com\/web\/wp-content\/uploads\/2022\/08\/Therese-Christiane-HANGLOG.jpg\u00a0\u00bb title_text=\u00a0\u00bbTherese-Christiane-HANGLOG\u00a0\u00bb _builder_version=\u00a0\u00bb4.17.6&Prime; _module_preset=\u00a0\u00bbdefault\u00a0\u00bb global_colors_info=\u00a0\u00bb{}\u00a0\u00bb][\/et_pb_image][\/et_pb_column][et_pb_column type=\u00a0\u00bb2_3&Prime; module_class=\u00a0\u00bbds-vertical-align\u00a0\u00bb _builder_version=\u00a0\u00bb4.17.6&Prime; _module_preset=\u00a0\u00bbdefault\u00a0\u00bb global_colors_info=\u00a0\u00bb{}\u00a0\u00bb][et_pb_text _builder_version=\u00a0\u00bb4.17.6&Prime; _module_preset=\u00a0\u00bbdefault\u00a0\u00bb header_3_font=\u00a0\u00bb|700|||||||\u00a0\u00bb custom_margin=\u00a0\u00bb||0px||false|false\u00a0\u00bb global_colors_info=\u00a0\u00bb{}\u00a0\u00bb]<\/p>\n<h3 class=\"aligncenter\">Se\u00f1ora Th\u00e9r\u00e8se Christiane HANGLOG<\/h3>\n<p>[\/et_pb_text][et_pb_text _builder_version=\u00a0\u00bb4.17.6&Prime; _module_preset=\u00a0\u00bbdefault\u00a0\u00bb header_4_font=\u00a0\u00bb|700||on|||||\u00a0\u00bb header_4_text_color=\u00a0\u00bb#666666&Prime; header_4_letter_spacing=\u00a0\u00bb1px\u00a0\u00bb global_colors_info=\u00a0\u00bb{}\u00a0\u00bb]<\/p>\n<h4 class=\"aligncenter\">Segunda Consejera<\/h4>\n<p>[\/et_pb_text][\/et_pb_column][\/et_pb_row][\/et_pb_section]<\/p>\n","protected":false},"excerpt":{"rendered":"<p>Se\u00f1ora Th\u00e9r\u00e8se Christiane HANGLOGSegunda Consejera<\/p>\n","protected":false},"author":1,"featured_media":0,"parent":0,"menu_order":0,"comment_status":"closed","ping_status":"closed","template":"","meta":{"_et_pb_use_builder":"on","_et_pb_old_content":"","_et_gb_content_width":"","footnotes":""},"class_list":["post-2270","page","type-page","status-publish","hentry"],"_links":{"self":[{"href":"https:\/\/ambacamespagne.com\/web\/fr\/wp-json\/wp\/v2\/pages\/2270","targetHints":{"allow":["GET"]}}],"collection":[{"href":"https:\/\/ambacamespagne.com\/web\/fr\/wp-json\/wp\/v2\/pages"}],"about":[{"href":"https:\/\/ambacamespagne.com\/web\/fr\/wp-json\/wp\/v2\/types\/page"}],"author":[{"embeddable":true,"href":"https:\/\/ambacamespagne.com\/web\/fr\/wp-json\/wp\/v2\/users\/1"}],"replies":[{"embeddable":true,"href":"https:\/\/ambacamespagne.com\/web\/fr\/wp-json\/wp\/v2\/comments?post=2270"}],"version-history":[{"count":0,"href":"https:\/\/ambacamespagne.com\/web\/fr\/wp-json\/wp\/v2\/pages\/2270\/revisions"}],"wp:attachment":[{"href":"https:\/\/ambacamespagne.com\/web\/fr\/wp-json\/wp\/v2\/media?parent=2270"}],"curies":[{"name":"wp","href":"https:\/\/api.w.org\/{rel}","templated":true}]}}

Deuxième membre du conseil d&rsquo;administration

<p>[et_pb_section fb_built= »1&Prime; _builder_version= »4.19.0&Prime; _module_preset= »default » background_enable_color= »off » global_colors_info= »{} »][et_pb_row column_structure= »1_3,2_3&Prime; make_equal= »on » _builder_version= »4.17.6&Prime; _module_preset= »default » global_colors_info= »{} »][et_pb_column type= »1_3&Prime; module_class= »ds-vertical-align » _builder_version= »4.17.6&Prime; _module_preset= »default » global_colors_info= »{} »][et_pb_image src= »https://ambacamespagne.com/web/wp-content/uploads/2022/08/Therese-Christiane-HANGLOG.jpg » title_text= »Therese-Christiane-HANGLOG » _builder_version= »4.17.6&Prime; _module_preset= »default » global_colors_info= »{} »][/et_pb_image][/et_pb_column][et_pb_column type= »2_3&Prime; module_class= »ds-vertical-align » _builder_version= »4.17.6&Prime; _module_preset= »default » global_colors_info= »{} »][et_pb_text _builder_version= »4.17.6&Prime; _module_preset= »default » header_3_font= »|700||||||| » custom_margin= »||0px||false|false » global_colors_info= »{} »]</p>
<h3 class="aligncenter">Señora Thérèse Christiane HANGLOG</h3>
<p>[/et_pb_text][et_pb_text _builder_version= »4.17.6&Prime; _module_preset= »default » header_4_font= »|700||on||||| » header_4_text_color= »#666666&Prime; header_4_letter_spacing= »1px » global_colors_info= »{} »]</p>
<h4 class="aligncenter">Segunda Consejera</h4>
<p>[/et_pb_text][/et_pb_column][/et_pb_row][/et_pb_section]</p>

<p>Señora Thérèse Christiane HANGLOGSegunda Consejera</p>
