{"id":2215,"date":"2022-08-02T08:34:48","date_gmt":"2022-08-02T08:34:48","guid":{"rendered":"https:\/\/ambacamespagne.com\/web\/embajador\/"},"modified":"2023-01-04T16:36:22","modified_gmt":"2023-01-04T16:36:22","slug":"ambassadeur","status":"publish","type":"page","link":"https:\/\/ambacamespagne.com\/web\/fr\/ambassadeur\/","title":{"rendered":"Ambassadeur"},"content":{"rendered":"<p>[et_pb_section fb_built=\u00a0\u00bb1&Prime; _builder_version=\u00a0\u00bb4.19.0&Prime; _module_preset=\u00a0\u00bbdefault\u00a0\u00bb background_enable_color=\u00a0\u00bboff\u00a0\u00bb global_colors_info=\u00a0\u00bb{}\u00a0\u00bb][et_pb_row column_structure=\u00a0\u00bb1_2,1_2&Prime; make_equal=\u00a0\u00bbon\u00a0\u00bb _builder_version=\u00a0\u00bb4.17.6&Prime; _module_preset=\u00a0\u00bbdefault\u00a0\u00bb global_colors_info=\u00a0\u00bb{}\u00a0\u00bb][et_pb_column type=\u00a0\u00bb1_2&Prime; module_class=\u00a0\u00bbds-vertical-align\u00a0\u00bb _builder_version=\u00a0\u00bb4.17.6&Prime; _module_preset=\u00a0\u00bbdefault\u00a0\u00bb global_colors_info=\u00a0\u00bb{}\u00a0\u00bb][et_pb_image src=\u00a0\u00bbhttps:\/\/ambacamespagne.com\/web\/wp-content\/uploads\/2022\/08\/Paulin-Godfried-Reliques-YANGA.jpg\u00a0\u00bb title_text=\u00a0\u00bbPaulin-Godfried-Reliques-YANGA\u00a0\u00bb _builder_version=\u00a0\u00bb4.17.6&Prime; _module_preset=\u00a0\u00bbdefault\u00a0\u00bb global_colors_info=\u00a0\u00bb{}\u00a0\u00bb][\/et_pb_image][\/et_pb_column][et_pb_column type=\u00a0\u00bb1_2&Prime; module_class=\u00a0\u00bbds-vertical-align\u00a0\u00bb _builder_version=\u00a0\u00bb4.17.6&Prime; _module_preset=\u00a0\u00bbdefault\u00a0\u00bb global_colors_info=\u00a0\u00bb{}\u00a0\u00bb][et_pb_text _builder_version=\u00a0\u00bb4.17.6&Prime; _module_preset=\u00a0\u00bbdefault\u00a0\u00bb text_font_size=\u00a0\u00bb18px\u00a0\u00bb text_line_height=\u00a0\u00bb1.6em\u00a0\u00bb global_colors_info=\u00a0\u00bb{}\u00a0\u00bb]<\/p>\n<p>Su Excelencia <strong>Paulin Godfried Reliques YANGA<\/strong>, Embajador Extraordinario y Plenipotenciario de la Rep\u00fablica de Camer\u00fan en el Reino de Espa\u00f1a<\/p>\n<p>[\/et_pb_text][\/et_pb_column][\/et_pb_row][\/et_pb_section]<\/p>\n","protected":false},"excerpt":{"rendered":"<p>Su Excelencia Paulin Godfried Reliques YANGA, Embajador Extraordinario y Plenipotenciario de la Rep\u00fablica de Camer\u00fan en el Reino de Espa\u00f1a<\/p>\n","protected":false},"author":1,"featured_media":0,"parent":0,"menu_order":0,"comment_status":"closed","ping_status":"closed","template":"","meta":{"_et_pb_use_builder":"on","_et_pb_old_content":"","_et_gb_content_width":"","footnotes":""},"class_list":["post-2215","page","type-page","status-publish","hentry"],"_links":{"self":[{"href":"https:\/\/ambacamespagne.com\/web\/fr\/wp-json\/wp\/v2\/pages\/2215","targetHints":{"allow":["GET"]}}],"collection":[{"href":"https:\/\/ambacamespagne.com\/web\/fr\/wp-json\/wp\/v2\/pages"}],"about":[{"href":"https:\/\/ambacamespagne.com\/web\/fr\/wp-json\/wp\/v2\/types\/page"}],"author":[{"embeddable":true,"href":"https:\/\/ambacamespagne.com\/web\/fr\/wp-json\/wp\/v2\/users\/1"}],"replies":[{"embeddable":true,"href":"https:\/\/ambacamespagne.com\/web\/fr\/wp-json\/wp\/v2\/comments?post=2215"}],"version-history":[{"count":0,"href":"https:\/\/ambacamespagne.com\/web\/fr\/wp-json\/wp\/v2\/pages\/2215\/revisions"}],"wp:attachment":[{"href":"https:\/\/ambacamespagne.com\/web\/fr\/wp-json\/wp\/v2\/media?parent=2215"}],"curies":[{"name":"wp","href":"https:\/\/api.w.org\/{rel}","templated":true}]}}

<p>[et_pb_section fb_built= »1&Prime; _builder_version= »4.19.0&Prime; _module_preset= »default » background_enable_color= »off » global_colors_info= »{} »][et_pb_row column_structure= »1_2,1_2&Prime; make_equal= »on » _builder_version= »4.17.6&Prime; _module_preset= »default » global_colors_info= »{} »][et_pb_column type= »1_2&Prime; module_class= »ds-vertical-align » _builder_version= »4.17.6&Prime; _module_preset= »default » global_colors_info= »{} »][et_pb_image src= »https://ambacamespagne.com/web/wp-content/uploads/2022/08/Paulin-Godfried-Reliques-YANGA.jpg » title_text= »Paulin-Godfried-Reliques-YANGA » _builder_version= »4.17.6&Prime; _module_preset= »default » global_colors_info= »{} »][/et_pb_image][/et_pb_column][et_pb_column type= »1_2&Prime; module_class= »ds-vertical-align » _builder_version= »4.17.6&Prime; _module_preset= »default » global_colors_info= »{} »][et_pb_text _builder_version= »4.17.6&Prime; _module_preset= »default » text_font_size= »18px » text_line_height= »1.6em » global_colors_info= »{} »]</p>
<p>Su Excelencia <strong>Paulin Godfried Reliques YANGA</strong>, Embajador Extraordinario y Plenipotenciario de la República de Camerún en el Reino de España</p>
<p>[/et_pb_text][/et_pb_column][/et_pb_row][/et_pb_section]</p>

<p>Su Excelencia Paulin Godfried Reliques YANGA, Embajador Extraordinario y Plenipotenciario de la República de Camerún en el Reino de España</p>
